(-1365)/10)*-2?
263
Suppose 0 = 3*l - 5*o - 1188, 1179 = 3*l - 4*o + 2*o. What are the prime factors of l?
17, 23
Let k be (39/(-9))/(9/(-27)). Let a be -3 + 5 - (k - -7). List the prime factors of (-132)/9*a/12.
2, 11
Suppose 166*a + 16629 = 189*a. List the prime factors of a.
3, 241
Suppose -10*v + 5*v = 10. What are the prime factors of 1033/9 + v/(-9)?
5, 23
Let d(x) = -3*x + 22. Let k be d(10). Let b be 1/(-2) + (-92)/k. Suppose b*z - 8*z - 144 = 0. List the prime factors of z.
2, 3
Suppose 2*k = 4*v - 2, -8 = -2*v - k - 1. Suppose a - 3*y - 11 = 0, a + v*y + 3 = 6*a. List the prime factors of (21/12)/(a/(-4)).
7
Let a = 13 + -14. Let y = a + 5. List the prime factors of (y + -8)*(-7)/2.
2, 7
Let o be ((-42)/(-9))/(2/48). Let d = o + -80. List the prime factors of d.
2
Let c = 2 + 3. List the prime factors of (-2)/5 + 292/c.
2, 29
Let v = 40 - 28. Let o = 16 - v. List the prime factors of o.
2
Suppose -7 = 3*t - 1. Let p be 3 + (4 - 16)/(-4). List the prime factors of p/t*(-60)/9.
2, 5
Let g be (36 - (4 - 0))/((-4)/272). List the prime factors of (g/24)/(3/(-9)).
2, 17
Let q(a) = -a + 9. Let x be q(3). Let h(w) = w**2 - 4*w - 4. Let n be h(4). List the prime factors of (2/n)/(x/(-24)).
2
Suppose 6*f - 37 + 1 = 0. List the prime factors of f.
2, 3
Suppose -3*u - 4*h = -10, 5*h - 13 = -3*u - u. Suppose -d + 12 = -u*d - 4*c, 4*c = 2*d - 12. Suppose -116 = -4*a - d*a. List the prime factors of a.
29
Suppose -2*l - 4 = -0. List the prime factors of (-1 - -187) + (0/l)/3.
2, 3, 31
Suppose -23*q + 5*q + 846 = 0. Suppose 43*t - q*t + 548 = 0. What are the prime factors of t?
137
Suppose 8*f - 3*f = 35. Suppose f*n - 39 - 360 = 0. What are the prime factors of n?
3, 19
List the prime factors of 6/21*3187 + (-60)/105.
2, 5, 7, 13
Suppose -2*f + 13 = 2*m + 3, 3*f = -4*m + 18. Suppose -w + f = -12. Suppose 13 + w = 3*g. List the prime factors of g.
3
Suppose -14*m = -2*m - 3300. What are the prime factors of m?
5, 11
Let p(b) = -b**3 + 4*b**2 + 29*b - 8. List the prime factors of p(-7).
2, 41
Suppose 5*u - 285 = 5*t, 0 = 5*u + 16 - 6. Let x = -27 - t. What are the prime factors of x?
2
Let q be -1*(0*(-1)/(-3))/(-1). Suppose 6*a - 244 - 182 = q. What are the prime factors of a?
71
List the prime factors of ((-108)/14)/((-36)/1176).
2, 3, 7
Let b(d) = 4*d**3 - 2*d**2 - 5*d - 20. List the prime factors of b(6).
2, 7, 53
Suppose 3*p - 128 = 2*p. Let c = -79 + p. List the prime factors of c.
7
Let h(b) = -b**3 + 11*b**2 - 11*b - 11. Let o be h(9). Suppose -2*n + 40 = -o. Let x = n - 30. What are the prime factors of x?
2
Let c = 721 - -1610. List the prime factors of c.
3, 7, 37
Suppose 0*r + 70 = 5*r + 2*m, -2*r + 28 = 3*m. Let c = -14 + r. Suppose 3*h - 215 + 74 = c. List the prime factors of h.
47
Let q be (-835)/2*(-6)/15. Let g = q + -75. List the prime factors of g.
2, 23
Suppose -5*l = -2*n + 246, -132 = -0*n - n - 2*l. Suppose -s + n = i - 0*i, -5*i - 152 = -s. What are the prime factors of s?
2, 3, 11
Suppose -j = -5*j + 384. Suppose -1168 + j = -8*i. List the prime factors of i.
2, 67
Let d(c) be the first derivative of -c**4/4 + 5*c**3/3 + 5*c**2/2 - 7*c + 2. What are the prime factors of d(3)?
2, 13
Suppose 6*a + 1431 = -3*j + a, 5*a = -2*j - 949. Let d be j/(-4) - (-3)/(-2). Let x = -85 + d. What are the prime factors of x?
2, 17
Suppose -5*x = 3*q - 5099 - 967, -2420 = -2*x + 2*q. What are the prime factors of x?
2, 3, 101
Let g(y) = -y + 4. Suppose 4*x - 15 = s, 3*x = -2*x - 4*s + 24. Let l be g(x). Suppose r - 37 = -3*v, 2*r = -v - l*v + 14. List the prime factors of v.
2, 3
List the prime factors of -6 + 10/(-2) - -2688.
2677
Let j = 6 + -2. Let h be (-7)/35 + (-116)/(-5). Suppose -n - 5*d = -45, -d - h - j = -n. What are the prime factors of n?
2, 3, 5
Suppose 3*f = u - 289, 6*f = 9*f. What are the prime factors of u?
17
What are the prime factors of -6*363/(-6) - (-1)/(-1)?
2, 181
What are the prime factors of (-134890)/(-175) + (-1)/(-5)?
3, 257
Let s(o) = 45*o**3 + 4*o**2 + 6*o - 9. List the prime factors of s(4).
11, 269
Suppose 22572 = 9*g + 10*g. List the prime factors of g.
2, 3, 11
What are the prime factors of 143736/60 - 4*4/(-40)?
2, 599
Let j = 2376 - 1328. What are the prime factors of j?
2, 131
Suppose 0 = -0*t + 4*t. Suppose p - 10 = -3*m + 5, t = -5*p + 2*m + 75. What are the prime factors of p?
3, 5
Let p = 8 + 6. Let l(x) = -x - x**2 + 6*x - p*x + 10 - 7*x. What are the prime factors of l(-16)?
2, 5
Let h = 450 - -11. List the prime factors of h.
461
Let f(r) = 3*r**2 - 17*r - 2. Let z be ((-24)/(-33))/4 - 150/(-22). List the prime factors of f(z).
2, 13
Let y = 26 - -1. Suppose 5*q = 3*u - 5 + 1, 5*u + q = 16. Suppose 2*w + y = u*w. What are the prime factors of w?
3
Suppose -3*j - 2*j = -30. Let x be 3/(-12)*-4 - (1 - 0). Suppose x*d + 348 = j*d. List the prime factors of d.
2, 29
Suppose 4*g + 246 = -118. Let b = 150 + g. What are the prime factors of b?
59
Let q = -2 + -17. Let x be 466/14 - 6/21. Let p = x + q. List the prime factors of p.
2, 7
Let l be (64/(-10))/(10/(-25)). Let i be (-28)/(l/(-4)) - 3. Suppose -h - 4*h + 97 = x, i*x = 4*h - 92. List the prime factors of h.
2, 5
Suppose 0 = w - 37 + 217. Let h be (-1)/(-2) + w/(-8). Suppose -k - 2*k = -b + 22, -4*b + h = k. What are the prime factors of b?
7
Suppose 0 = -5*a + 407 - 87. Let u = 15 - 38. Let k = u + a. What are the prime factors of k?
41
Let g be (-16)/(-56) + -30*(-3)/(-21). What are the prime factors of 245/2 + 3 - 2/g?
2, 3, 7
List the prime factors of 9474/10 + 2*(-15)/(-50).
2, 3, 79
Let g(r) be the second derivative of 2*r**4/3 - 7*r**3/6 + 41*r. List the prime factors of g(-4).
2, 3, 13
Let m(n) = 2*n - 22. Let w be m(11). Suppose w*i = -2*i + 52. What are the prime factors of i?
2, 13
Let y(h) = -h**2 + 6*h + 10. Let s be y(7). Suppose s*b - 155 = 79. Suppose 10*f = 7*f + b. What are the prime factors of f?
2, 13
Suppose 6187 = 23*l - 0*l. List the prime factors of l.
269
Suppose s - 2*d = 4*s - 141, 2*s - 3*d - 81 = 0. Let k(v) = -3*v**3 - v**2 - 2*v - 2. Let t be k(-3). Let i = t - s. What are the prime factors of i?
31
Suppose 4*x = -5*q + 51 + 134, 4*q = 5*x - 180. Suppose -2 = 5*g - 12. Suppose -62 = -g*z + x. List the prime factors of z.
3, 17
What are the prime factors of (-1017)/(-9) + (-4 - (3 + -3))?
109
Suppose -13*u = -8*u - 485. Let w = u - 69. What are the prime factors of w?
2, 7
Let l = 1362 - 557. List the prime factors of l.
5, 7, 23
Let d(i) be the third derivative of -3*i**6/40 - i**5/60 + i**4/12 + i**3/2 + 13*i**2. List the prime factors of d(-2).
67
Suppose -31*d + 75391 + 280 = 0. What are the prime factors of d?
2441
Suppose 0 = -3*r + 3276 + 138. What are the prime factors of r?
2, 569
Let g be 14/2 - (-5 - -10). Suppose 92 + 172 = g*l - 4*i, -394 = -3*l + 4*i. List the prime factors of l.
2, 5, 13
Suppose 1402 + 325 = 11*c. Suppose -p + 0*n + 41 = 4*n, 3*p = 5*n + c. What are the prime factors of p?
7
Let z = 869 + -121. List the prime factors of z.
2, 11, 17
Let m be (-6)/21 - 46/(-14). Suppose u + 4*p - 64 = -12, -m*p - 9 = 0. What are the prime factors of u?
2
Let z = -21 - -19. What are the prime factors of 11*(-8)/z + -1?
43
Let y be ((-12)/(-16))/((-1)/(-188)). Suppose -5*d - y = -3*t, -49 = -t - 2*d + 9. Let u = t + -25. List the prime factors of u.
3
Let a(b) = -b**3 + b + 4. Let r be a(3). Let u be (-5)/r - 7/(-4). List the prime factors of 7/((-7)/u) - -37.
5, 7
Suppose 8*v - 9*v = -4*k - 980, -2*k = 4*v - 4010. What are the prime factors of v?
2, 5
Suppose -6*y + y = -2*p + 909, -y + 903 = 2*p. Let g = p - 241. List the prime factors of g.
211
Suppose 0 = 2*m + 4*i - 492, -238 = -m - 0*i - 4*i. List the prime factors of m.
2, 127
Let w = 2134 - 1247. What are the prime factors of w?
887
Suppose 0 = 3*q - 44 + 8. Let v be 2/q - 2114/12. What are the prime factors of (-4)/(-10) + v/(-10)?
2, 3
Suppose -3*l - 4*h - 3 = 0, 0 = -5*l - 2*h + 4*h + 21. Suppose 2*q + 2*m - l*m - 144 = 0, 0 = 4*m. What are the prime factors of q?
2, 3
Suppose 7 = -5*d - 8, -107 = -4*u - 3*d. Let x be 0 + 2/4*0. Suppose -6*z = o - 3*z - 21, o + 5*z - u = x. What are the prime factors of o?
3
Suppose -3*p = 5*y - 10, 3*p - 7*p - 10 = 2*y. Suppose 4*b - 127 = 2*b - 3*u, -307 = -y*b - 4*u. List the prime factors of b.
59
Let w